[INFO] fetching crate bulletinboard 0.5.3...
[INFO] building bulletinboard-0.5.3 against master#ff34b919075f35a1787659e9c448a34b06bab8de for issue-85264
[INFO] extracting crate bulletinboard 0.5.3 into /workspace/builds/worker-4/source
[INFO] validating manifest of crates.io crate bulletinboard 0.5.3 on toolchain ff34b919075f35a1787659e9c448a34b06bab8de
[INFO] running `Command { std: "/workspace/cargo-home/bin/cargo" "+ff34b919075f35a1787659e9c448a34b06bab8de" "metadata" "--manifest-path" "Cargo.toml" "--no-deps", kill_on_drop: false }`
[INFO] started tweaking crates.io crate bulletinboard 0.5.3
[INFO] finished tweaking crates.io crate bulletinboard 0.5.3
[INFO] tweaked toml for crates.io crate bulletinboard 0.5.3 written to /workspace/builds/worker-4/source/Cargo.toml
[INFO] running `Command { std: "/workspace/cargo-home/bin/cargo" "+ff34b919075f35a1787659e9c448a34b06bab8de" "generate-lockfile" "--manifest-path" "Cargo.toml" "-Zno-index-update", kill_on_drop: false }`
[INFO] running `Command { std: "/workspace/cargo-home/bin/cargo" "+ff34b919075f35a1787659e9c448a34b06bab8de" "fetch" "--manifest-path" "Cargo.toml", kill_on_drop: false }`
[INFO] running `Command { std: "docker" "create" "-v" "/var/lib/crater-agent-workspace/builds/worker-4/target:/opt/rustwide/target:rw,Z" "-v" "/var/lib/crater-agent-workspace/builds/worker-4/source:/opt/rustwide/workdir:ro,Z" "-v" "/var/lib/crater-agent-workspace/cargo-home:/opt/rustwide/cargo-home:ro,Z" "-v" "/var/lib/crater-agent-workspace/rustup-home:/opt/rustwide/rustup-home:ro,Z" "-e" "SOURCE_DIR=/opt/rustwide/workdir" "-e" "CARGO_TARGET_DIR=/opt/rustwide/target" "-e" "CARGO_HOME=/opt/rustwide/cargo-home" "-e" "RUSTUP_HOME=/opt/rustwide/rustup-home" "-w" "/opt/rustwide/workdir" "-m" "1610612736" "--user" "0:0" "--network" "none" "ghcr.io/rust-lang/crates-build-env/linux@sha256:20528e8c29e4536546f0102ce88568b16ea7538393a33fcca951030f7af10457" "/opt/rustwide/cargo-home/bin/cargo" "+ff34b919075f35a1787659e9c448a34b06bab8de" "metadata" "--no-deps" "--format-version=1", kill_on_drop: false }`
[INFO] [stdout] f94569f896f6adfd67951f4880b2f7eabfde4e237a5c186013f955f7be4c7e67
[INFO] [stderr] WARNING: Your kernel does not support swap limit capabilities or the cgroup is not mounted. Memory limited without swap.
[INFO] running `Command { std: "docker" "start" "-a" "f94569f896f6adfd67951f4880b2f7eabfde4e237a5c186013f955f7be4c7e67", kill_on_drop: false }`
[INFO] running `Command { std: "docker" "inspect" "f94569f896f6adfd67951f4880b2f7eabfde4e237a5c186013f955f7be4c7e67", kill_on_drop: false }`
[INFO] running `Command { std: "docker" "rm" "-f" "f94569f896f6adfd67951f4880b2f7eabfde4e237a5c186013f955f7be4c7e67", kill_on_drop: false }`
[INFO] [stdout] f94569f896f6adfd67951f4880b2f7eabfde4e237a5c186013f955f7be4c7e67
[INFO] running `Command { std: "docker" "create" "-v" "/var/lib/crater-agent-workspace/builds/worker-4/target:/opt/rustwide/target:rw,Z" "-v" "/var/lib/crater-agent-workspace/builds/worker-4/source:/opt/rustwide/workdir:ro,Z" "-v" "/var/lib/crater-agent-workspace/cargo-home:/opt/rustwide/cargo-home:ro,Z" "-v" "/var/lib/crater-agent-workspace/rustup-home:/opt/rustwide/rustup-home:ro,Z" "-e" "SOURCE_DIR=/opt/rustwide/workdir" "-e" "CARGO_TARGET_DIR=/opt/rustwide/target" "-e" "CARGO_INCREMENTAL=0" "-e" "RUST_BACKTRACE=full" "-e" "RUSTFLAGS=--cap-lints=forbid" "-e" "CARGO_HOME=/opt/rustwide/cargo-home" "-e" "RUSTUP_HOME=/opt/rustwide/rustup-home" "-w" "/opt/rustwide/workdir" "-m" "1610612736" "--user" "0:0" "--network" "none" "ghcr.io/rust-lang/crates-build-env/linux@sha256:20528e8c29e4536546f0102ce88568b16ea7538393a33fcca951030f7af10457" "/opt/rustwide/cargo-home/bin/cargo" "+ff34b919075f35a1787659e9c448a34b06bab8de" "build" "--frozen" "--message-format=json", kill_on_drop: false }`
[INFO] [stdout] 0229edd9373ce11d6b84ccf291eb41d9a3f37b9bf8090b3ebd63aabb1042d36b
[INFO] [stderr] WARNING: Your kernel does not support swap limit capabilities or the cgroup is not mounted. Memory limited without swap.
[INFO] running `Command { std: "docker" "start" "-a" "0229edd9373ce11d6b84ccf291eb41d9a3f37b9bf8090b3ebd63aabb1042d36b", kill_on_drop: false }`
[INFO] [stderr]    Compiling unicode-xid v0.0.4
[INFO] [stderr]    Compiling log v0.4.14
[INFO] [stderr]    Compiling pkg-config v0.3.19
[INFO] [stderr]    Compiling quote v0.3.15
[INFO] [stderr]    Compiling gcc v0.3.55
[INFO] [stderr]    Compiling cfg-if v1.0.0
[INFO] [stderr]    Compiling utf8-ranges v0.1.3
[INFO] [stderr]    Compiling regex-syntax v0.3.9
[INFO] [stderr]    Compiling rustc-serialize v0.3.24
[INFO] [stderr]    Compiling strsim v0.5.2
[INFO] [stderr]    Compiling memchr v0.1.11
[INFO] [stderr]    Compiling rand v0.4.6
[INFO] [stderr]    Compiling time v0.1.44
[INFO] [stderr]    Compiling bincode v1.3.3
[INFO] [stderr]    Compiling thread-id v2.0.0
[INFO] [stderr]    Compiling synom v0.11.3
[INFO] [stderr]    Compiling thread_local v0.2.7
[INFO] [stderr]    Compiling aho-corasick v0.5.3
[INFO] [stderr]    Compiling syn v0.11.11
[INFO] [stderr]    Compiling log v0.3.9
[INFO] [stderr]    Compiling rand v0.3.23
[INFO] [stderr]    Compiling dbus v0.3.4
[INFO] [stderr]    Compiling rust-crypto v0.2.36
[INFO] [stderr]    Compiling regex v0.1.80
[INFO] [stderr]    Compiling serde_codegen_internals v0.14.2
[INFO] [stderr]    Compiling env_logger v0.3.5
[INFO] [stderr]    Compiling serde_derive v0.9.15
[INFO] [stderr]    Compiling docopt v0.6.86
[INFO] [stderr]    Compiling bulletinboard v0.5.3 (/opt/rustwide/workdir)
[INFO] [stdout] error[E0432]: unresolved import `bincode::Bounded`
[INFO] [stdout]   --> src/main.rs:14:39
[INFO] [stdout]    |
[INFO] [stdout] 14 | use bincode::{serialize, deserialize, Bounded};
[INFO] [stdout]    |                                       ^^^^^^^ no `Bounded` in the root
[INFO] [stdout] 
[INFO] [stdout] 
[INFO] [stdout] error[E0432]: unresolved import `bincode::Bounded`
[INFO] [stdout]   --> src/server.rs:10:39
[INFO] [stdout]    |
[INFO] [stdout] 10 | use bincode::{serialize, deserialize, Bounded};
[INFO] [stdout]    |                                       ^^^^^^^ no `Bounded` in the root
[INFO] [stdout] 
[INFO] [stdout] 
[INFO] [stdout] warning: use of deprecated macro `RustcDecodable`: rustc-serialize is deprecated and no longer supported
[INFO] [stdout]   --> src/main.rs:61:10
[INFO] [stdout]    |
[INFO] [stdout] 61 | #[derive(RustcDecodable, Debug)]
[INFO] [stdout]    |          ^^^^^^^^^^^^^^
[INFO] [stdout]    |
[INFO] [stdout]    = note: `#[warn(deprecated)]` on by default
[INFO] [stdout] 
[INFO] [stdout] 
[INFO] [stdout] warning: use of deprecated macro `try`: use the `?` operator instead
[INFO] [stdout]   --> src/node.rs:39:16
[INFO] [stdout]    |
[INFO] [stdout] 39 |         let mut it = try!(addr.to_socket_addrs());
[INFO] [stdout]    |                      ^^^
[INFO] [stdout] 
[INFO] [stdout] 
[INFO] [stdout] warning: use of deprecated macro `try`: use the `?` operator instead
[INFO] [stdout]   --> src/node.rs:42:14
[INFO] [stdout]    |
[INFO] [stdout] 42 |         let addr = try!(it.next().ok_or(err));
[INFO] [stdout]    |                    ^^^
[INFO] [stdout] 
[INFO] [stdout] 
[INFO] [stdout] warning: unused import: `std::str`
[INFO] [stdout]  --> src/server.rs:5:5
[INFO] [stdout]   |
[INFO] [stdout] 5 | use std::str;
[INFO] [stdout]   |     ^^^^^^^^
[INFO] [stdout]   |
[INFO] [stdout]   = note: `#[warn(unused_imports)]` on by default
[INFO] [stdout] 
[INFO] [stdout] 
[INFO] [stdout] warning: use of deprecated macro `try`: use the `?` operator instead
[INFO] [stdout]    --> src/kademlia.rs:281:22
[INFO] [stdout]     |
[INFO] [stdout] 281 |                 let mut sender = try!(self.kbuckets.construct_node(src, sender_id));
[INFO] [stdout]     |                                  ^^^
[INFO] [stdout] 
[INFO] [stdout] 
[INFO] [stdout] warning: use of deprecated macro `try`: use the `?` operator instead
[INFO] [stdout]    --> src/kademlia.rs:299:3
[INFO] [stdout]     |
[INFO] [stdout] 299 |         try!(self.update_buckets(&own_id, src, &msg));
[INFO] [stdout]     |         ^^^
[INFO] [stdout] 
[INFO] [stdout] 
[INFO] [stdout] warning: use of deprecated macro `try`: use the `?` operator instead
[INFO] [stdout]   --> src/kbuckets.rs:30:17
[INFO] [stdout]    |
[INFO] [stdout] 30 |         let default = try!(Node::new(addr, node_id.clone()));
[INFO] [stdout]    |                       ^^^
[INFO] [stdout] 
[INFO] [stdout] 
[INFO] [stdout] warning: use of deprecated macro `try`: use the `?` operator instead
[INFO] [stdout]   --> src/dbus_service.rs:76:15
[INFO] [stdout]    |
[INFO] [stdout] 76 |     let app_id = try!(message_item_to_string(app_id));
[INFO] [stdout]    |                  ^^^
[INFO] [stdout] 
[INFO] [stdout] 
[INFO] [stdout] warning: use of deprecated macro `try`: use the `?` operator instead
[INFO] [stdout]   --> src/dbus_service.rs:77:12
[INFO] [stdout]    |
[INFO] [stdout] 77 |     let key = try!(message_item_to_byte_vec(key));
[INFO] [stdout]    |               ^^^
[INFO] [stdout] 
[INFO] [stdout] 
[INFO] [stdout] warning: use of deprecated macro `try`: use the `?` operator instead
[INFO] [stdout]   --> src/dbus_service.rs:92:15
[INFO] [stdout]    |
[INFO] [stdout] 92 |     let app_id = try!(message_item_to_string(app_id));
[INFO] [stdout]    |                  ^^^
[INFO] [stdout] 
[INFO] [stdout] 
[INFO] [stdout] warning: use of deprecated macro `try`: use the `?` operator instead
[INFO] [stdout]   --> src/dbus_service.rs:93:14
[INFO] [stdout]    |
[INFO] [stdout] 93 |     let key   = try!(message_item_to_byte_vec(key));
[INFO] [stdout]    |                 ^^^
[INFO] [stdout] 
[INFO] [stdout] 
[INFO] [stdout] warning: use of deprecated macro `try`: use the `?` operator instead
[INFO] [stdout]   --> src/dbus_service.rs:94:14
[INFO] [stdout]    |
[INFO] [stdout] 94 |     let value = try!(message_item_to_byte_vec(value));
[INFO] [stdout]    |                 ^^^
[INFO] [stdout] 
[INFO] [stdout] 
[INFO] [stdout] warning: use of deprecated macro `try`: use the `?` operator instead
[INFO] [stdout]    --> src/dbus_service.rs:105:15
[INFO] [stdout]     |
[INFO] [stdout] 105 |     let app_id = try!(message_item_to_string(app_id));
[INFO] [stdout]     |                  ^^^
[INFO] [stdout] 
[INFO] [stdout] 
[INFO] [stdout] warning: use of deprecated macro `try`: use the `?` operator instead
[INFO] [stdout]    --> src/dbus_service.rs:106:14
[INFO] [stdout]     |
[INFO] [stdout] 106 |     let key   = try!(message_item_to_byte_vec(key));
[INFO] [stdout]     |                 ^^^
[INFO] [stdout] 
[INFO] [stdout] 
[INFO] [stdout] warning: use of deprecated macro `try`: use the `?` operator instead
[INFO] [stdout]    --> src/dbus_service.rs:107:14
[INFO] [stdout]     |
[INFO] [stdout] 107 |     let value = try!(message_item_to_byte_vec(value));
[INFO] [stdout]     |                 ^^^
[INFO] [stdout] 
[INFO] [stdout] 
[INFO] [stdout] warning: use of deprecated macro `try`: use the `?` operator instead
[INFO] [stdout]    --> src/dbus_service.rs:108:17
[INFO] [stdout]     |
[INFO] [stdout] 108 |     let lifetime = try!(message_item_to_u64(lifetime));
[INFO] [stdout]     |                    ^^^
[INFO] [stdout] 
[INFO] [stdout] 
[INFO] [stdout] warning: use of deprecated macro `try`: use the `?` operator instead
[INFO] [stdout]    --> src/dbus_service.rs:127:19
[INFO] [stdout]     |
[INFO] [stdout] 127 |                     let app_id = try!(msg.get_items().get(0).ok_or(("org.manuel.BulletinBoard.Invalid", "Invaild app_id".to_st...
[INFO] [stdout]     |                                  ^^^
[INFO] [stdout] 
[INFO] [stdout] 
[INFO] [stdout] warning: use of deprecated macro `try`: use the `?` operator instead
[INFO] [stdout]    --> src/dbus_service.rs:128:16
[INFO] [stdout]     |
[INFO] [stdout] 128 |                     let key = try!(msg.get_items().get(1).ok_or(("org.manuel.BulletinBoard.Invaild", "Invalid key".to_string()))).clone();
[INFO] [stdout]     |                               ^^^
[INFO] [stdout] 
[INFO] [stdout] 
[INFO] [stdout] warning: use of deprecated macro `try`: use the `?` operator instead
[INFO] [stdout]    --> src/dbus_service.rs:136:19
[INFO] [stdout]     |
[INFO] [stdout] 136 |                     let app_id = try!(msg.get_items().get(0).ok_or(("org.manuel.BulletinBoard.Invaild", "Invaild app_id".to_st...
[INFO] [stdout]     |                                  ^^^
[INFO] [stdout] 
[INFO] [stdout] 
[INFO] [stdout] warning: use of deprecated macro `try`: use the `?` operator instead
[INFO] [stdout]    --> src/dbus_service.rs:137:16
[INFO] [stdout]     |
[INFO] [stdout] 137 |                     let key = try!(msg.get_items().get(1).ok_or(("org.manuel.BulletinBoard.Invaild", "Invalid key".to_string()))).clone();
[INFO] [stdout]     |                               ^^^
[INFO] [stdout] 
[INFO] [stdout] 
[INFO] [stdout] warning: use of deprecated macro `try`: use the `?` operator instead
[INFO] [stdout]    --> src/dbus_service.rs:138:18
[INFO] [stdout]     |
[INFO] [stdout] 138 |                     let value = try!(msg.get_items().get(2).ok_or(("org.manuel.BulletinBoard.Invaild", "Invalid value".to_st...
[INFO] [stdout]     |                                 ^^^
[INFO] [stdout] 
[INFO] [stdout] 
[INFO] [stdout] warning: use of deprecated macro `try`: use the `?` operator instead
[INFO] [stdout]    --> src/dbus_service.rs:146:19
[INFO] [stdout]     |
[INFO] [stdout] 146 |                     let app_id = try!(msg.get_items().get(0).ok_or(("org.manuel.BulletinBoard.Invaild", "Invaild app_id".to_st...
[INFO] [stdout]     |                                  ^^^
[INFO] [stdout] 
[INFO] [stdout] 
[INFO] [stdout] warning: use of deprecated macro `try`: use the `?` operator instead
[INFO] [stdout]    --> src/dbus_service.rs:147:16
[INFO] [stdout]     |
[INFO] [stdout] 147 |                     let key = try!(msg.get_items().get(1).ok_or(("org.manuel.BulletinBoard.Invaild", "Invalid key".to_string()))).clone();
[INFO] [stdout]     |                               ^^^
[INFO] [stdout] 
[INFO] [stdout] 
[INFO] [stdout] warning: use of deprecated macro `try`: use the `?` operator instead
[INFO] [stdout]    --> src/dbus_service.rs:148:18
[INFO] [stdout]     |
[INFO] [stdout] 148 |                     let value = try!(msg.get_items().get(2).ok_or(("org.manuel.BulletinBoard.Invaild", "Invalid value".to_st...
[INFO] [stdout]     |                                 ^^^
[INFO] [stdout] 
[INFO] [stdout] 
[INFO] [stdout] warning: use of deprecated macro `try`: use the `?` operator instead
[INFO] [stdout]    --> src/dbus_service.rs:149:21
[INFO] [stdout]     |
[INFO] [stdout] 149 |                     let lifetime = try!(msg.get_items().get(3).ok_or(("org.manuel.BulletinBoard.Invaild", "Invalid value".to_st...
[INFO] [stdout]     |                                    ^^^
[INFO] [stdout] 
[INFO] [stdout] 
[INFO] [stdout] warning: use of deprecated function `std::env::home_dir`: This function's behavior is unexpected and probably not what you want. Consider using a crate from crates.io instead.
[INFO] [stdout]   --> src/main.rs:94:27
[INFO] [stdout]    |
[INFO] [stdout] 94 |     let mut default_config = env::home_dir().unwrap_or(PathBuf::from("/tmp/"));
[INFO] [stdout]    |                              ^^^^^^^^^^^^^
[INFO] [stdout] 
[INFO] [stdout] 
[INFO] [stdout] error[E0277]: the trait bound `Node: serde::de::Deserialize<'_>` is not satisfied
[INFO] [stdout]    --> src/main.rs:78:25
[INFO] [stdout]     |
[INFO] [stdout] 78  |         let nodes:Vec<Node> = deserialize(&contents[..].as_bytes()).unwrap_or(vec![]);
[INFO] [stdout]     |                               ^^^^^^^^^^^ the trait `serde::de::Deserialize<'_>` is not implemented for `Node`
[INFO] [stdout]     | 
[INFO] [stdout]    ::: /opt/rustwide/cargo-home/registry/src/github.com-1ecc6299db9ec823/bincode-1.3.3/src/lib.rs:179:8
[INFO] [stdout]     |
[INFO] [stdout] 179 |     T: serde::de::Deserialize<'a>,
[INFO] [stdout]     |        -------------------------- required by this bound in `bincode::deserialize`
[INFO] [stdout]     |
[INFO] [stdout]     = note: required because of the requirements on the impl of `serde::de::Deserialize<'_>` for `Vec<Node>`
[INFO] [stdout] 
[INFO] [stdout] 
[INFO] [stdout] error[E0061]: this function takes 1 argument but 2 arguments were supplied
[INFO] [stdout]    --> src/main.rs:125:18
[INFO] [stdout]     |
[INFO] [stdout] 125 |         let contents = serialize(&nodes, Bounded(100*1024)).unwrap_or(Vec::new());
[INFO] [stdout]     |                        ^^^^^^^^^ ------  ----------------- supplied 2 arguments
[INFO] [stdout]     |                        |
[INFO] [stdout]     |                        expected 1 argument
[INFO] [stdout]     |
[INFO] [stdout] note: function defined here
[INFO] [stdout]    --> /opt/rustwide/cargo-home/registry/src/github.com-1ecc6299db9ec823/bincode-1.3.3/src/lib.rs:106:8
[INFO] [stdout]     |
[INFO] [stdout] 106 | pub fn serialize<T: ?Sized>(value: &T) -> Result<Vec<u8>>
[INFO] [stdout]     |        ^^^^^^^^^
[INFO] [stdout] 
[INFO] [stdout] 
[INFO] [stdout] error[E0061]: this function takes 1 argument but 2 arguments were supplied
[INFO] [stdout]    --> src/server.rs:70:13
[INFO] [stdout]     |
[INFO] [stdout] 70  |         let buf = serialize(&req, Bounded(2048)).unwrap();
[INFO] [stdout]     |                   ^^^^^^^^^ ----  ------------- supplied 2 arguments
[INFO] [stdout]     |                   |
[INFO] [stdout]     |                   expected 1 argument
[INFO] [stdout]     |
[INFO] [stdout] note: function defined here
[INFO] [stdout]    --> /opt/rustwide/cargo-home/registry/src/github.com-1ecc6299db9ec823/bincode-1.3.3/src/lib.rs:106:8
[INFO] [stdout]     |
[INFO] [stdout] 106 | pub fn serialize<T: ?Sized>(value: &T) -> Result<Vec<u8>>
[INFO] [stdout]     |        ^^^^^^^^^
[INFO] [stdout] 
[INFO] [stdout] 
[INFO] [stdout] error[E0061]: this function takes 1 argument but 2 arguments were supplied
[INFO] [stdout]    --> src/server.rs:78:13
[INFO] [stdout]     |
[INFO] [stdout] 78  |         let buf = serialize(&resp, Bounded(2048)).unwrap();
[INFO] [stdout]     |                   ^^^^^^^^^ -----  ------------- supplied 2 arguments
[INFO] [stdout]     |                   |
[INFO] [stdout]     |                   expected 1 argument
[INFO] [stdout]     |
[INFO] [stdout] note: function defined here
[INFO] [stdout]    --> /opt/rustwide/cargo-home/registry/src/github.com-1ecc6299db9ec823/bincode-1.3.3/src/lib.rs:106:8
[INFO] [stdout]     |
[INFO] [stdout] 106 | pub fn serialize<T: ?Sized>(value: &T) -> Result<Vec<u8>>
[INFO] [stdout]     |        ^^^^^^^^^
[INFO] [stdout] 
[INFO] [stdout] 
[INFO] [stdout] error[E0061]: this function takes 1 argument but 2 arguments were supplied
[INFO] [stdout]    --> src/server.rs:94:13
[INFO] [stdout]     |
[INFO] [stdout] 94  |         let buf = serialize(&req, Bounded(2048)).unwrap();
[INFO] [stdout]     |                   ^^^^^^^^^ ----  ------------- supplied 2 arguments
[INFO] [stdout]     |                   |
[INFO] [stdout]     |                   expected 1 argument
[INFO] [stdout]     |
[INFO] [stdout] note: function defined here
[INFO] [stdout]    --> /opt/rustwide/cargo-home/registry/src/github.com-1ecc6299db9ec823/bincode-1.3.3/src/lib.rs:106:8
[INFO] [stdout]     |
[INFO] [stdout] 106 | pub fn serialize<T: ?Sized>(value: &T) -> Result<Vec<u8>>
[INFO] [stdout]     |        ^^^^^^^^^
[INFO] [stdout] 
[INFO] [stdout] 
[INFO] [stdout] error[E0277]: the trait bound `message::Message: serde::de::Deserialize<'_>` is not satisfied
[INFO] [stdout]    --> src/server.rs:168:32
[INFO] [stdout]     |
[INFO] [stdout] 168 |             let msg:Result<Message,_> = deserialize(msg);
[INFO] [stdout]     |                                         ^^^^^^^^^^^ the trait `serde::de::Deserialize<'_>` is not implemented for `message::Message`
[INFO] [stdout]     | 
[INFO] [stdout]    ::: /opt/rustwide/cargo-home/registry/src/github.com-1ecc6299db9ec823/bincode-1.3.3/src/lib.rs:179:8
[INFO] [stdout]     |
[INFO] [stdout] 179 |     T: serde::de::Deserialize<'a>,
[INFO] [stdout]     |        -------------------------- required by this bound in `bincode::deserialize`
[INFO] [stdout] 
[INFO] [stdout] 
[INFO] [stdout] error: aborting due to 8 previous errors; 26 warnings emitted
[INFO] [stdout] 
[INFO] [stdout] 
[INFO] [stdout] Some errors have detailed explanations: E0061, E0277, E0432.
[INFO] [stdout] 
[INFO] [stdout] For more information about an error, try `rustc --explain E0061`.
[INFO] [stdout] 
[INFO] [stderr] error: could not compile `bulletinboard`
[INFO] [stderr] 
[INFO] [stderr] To learn more, run the command again with --verbose.
[INFO] running `Command { std: "docker" "inspect" "0229edd9373ce11d6b84ccf291eb41d9a3f37b9bf8090b3ebd63aabb1042d36b", kill_on_drop: false }`
[INFO] running `Command { std: "docker" "rm" "-f" "0229edd9373ce11d6b84ccf291eb41d9a3f37b9bf8090b3ebd63aabb1042d36b", kill_on_drop: false }`
[INFO] [stdout] 0229edd9373ce11d6b84ccf291eb41d9a3f37b9bf8090b3ebd63aabb1042d36b
